culate 5 - (-18 + (1 - 10) + (263 - 248)).
17
Calculate -4 + -2 + -1 - -59 - (-71 + 73).
50
Evaluate 9 + (12 - 122) + (-5 - -57) + -29.
-78
Evaluate (-66 + 45 - -28) + 34.
41
5 + (-2 - 2 - -11) + (-22 - -3) + -4
-11
(7 - 6 - (-2 + -1)) + -134 + 154
24
Calculate 126 + -72 + 1 + (-3 - 1).
51
Evaluate -40 + (-6 - -45) + 16 + 0.
15
What is 6 + (1 + -32 - (-137 + 68))?
44
Calculate 31 + 101 - 12 - (5 + -8 - -14).
109
What is 134 + 5 + -53 - 48?
38
What is -12 - ((-1 - ((13 - -46) + -6)) + 6)?
36
What is the value of 159 - 130 - (-11 - (13 + 0))?
53
What is -1210 + 1355 - ((0 - 2 - (-9 - -2)) + 1)?
139
What is (2 - (9 + (-1 - 5))) + (2 - -107) + 1?
109
What is 319 + -339 - (-5 + (29 - -1))?
-45
(-4 - -3) + -25 - (8 + (-11 - 0) + 4)
-27
-393 + 215 + 171 + 9 + 1 + 0
3
1 - 1 - (-48 - 1 - (10 - (4 + 16)))
39
What is 2 + 88 + -1517 + 1341?
-86
Evaluate -27 - ((-26 - -7 - (11 + -30)) + 3).
-30
Evaluate (47 - (35 + -1)) + (10 + -12 - (36 - -3)).
-28
25 + (-76 - 1) - -61
9
(2 - 2) + (-14 - -25 - (0 + 52))
-41
What is -158 + (4 - 4) + -2 + (-1 - 2) + 16?
-147
Evaluate 314 + (217 - 401) - (-1 + -1 + 16).
116
Calculate -14 + 59 - (-6 - ((11 - 13) + -5 + 1)).
45
What is the value of 22 - -33 - (-34 + 189)?
-100
What is the value of (21 + 18 - 11) + (8 - (-1 + 4))?
33
What is the value of -79 - (-31 + 82 + -73)?
-57
What is (-6 - -3) + 16 - (356 + -348)?
5
What is 9 + -6 + -26 + -6 + -15?
-44
81 - (72 + -49) - 40
18
What is the value of 5 - ((-44 - (-30 - -36)) + 30)?
25
What is the value of 35 + (-9 - 32 - 6)?
-12
Evaluate (-9 - 9) + 29 + (1 - -12).
24
Calculate 73 - (63 - 50) - 30.
30
What is 0 + -7 + 7 + 7 + 3 + 0 + -13?
-3
What is (74 - -68) + -28 + -99?
15
What is -12 - (-115 - 3 - (-1 - 12) - 15) - 16?
92
3 + (-22 - -24) - -6 - 46
-35
Calculate -214 + 233 - (38 - (6 - 12)).
-25
What is the value of 33 - (-27 + 22 + -2 + 17)?
23
What is (-2 - -7) + -16 - (157 + -100) - -17?
-51
(-2 - -112) + (-1 - -2) - (-1807 - -1797)
121
Evaluate 4 - (-2 + (14 - 8) - -4) - 2 - 36.
-42
Evaluate -26 + (52 - 86 - -12).
-48
What is (30 + 36 - (-4 - -11)) + -16 - 1?
42
-3 + 44 - (-94 - (-19 - 35))
81
What is -42 + (-40 - 15 - -57)?
-40
What is the value of -9 + (10 - (33 - 18)) + 1 - 19?
-32
What is -94 + 112 + -3 + -52 + 11?
-26
What is -25 - (-71 + 33 + -70)?
83
Calculate (35 - 3) + -222 + 204.
14
Evaluate (28 + -24 + -1 - 1) + -102 + 0 + 6.
-94
Evaluate -492 + 547 + -4 + 2 + 17 - 0.
70
Evaluate -1 + (-3 + -5 - -28) - 1.
18
Evaluate (-4 - (-16 + (25 - 19) - 86)) + 0 + 11.
103
Evaluate 1 - -63 - (536 + -451).
-21
Calculate -6 + -100 + (909 - 848) - (0 - 7).
-38
Evaluate -181 - 110 - -305 - (1 - 2 - 44).
59
What is the value of -5 + 13 + -2 + -12 + 9 + -3?
0
What is -10 + (-65 + 2 + -7 - (-4 + -5)) + 10?
-61
Calculate 29 + 1 + 2 + (168 - 189).
11
Calculate -1 + 5 + -67 - (5 + -12 - (-4 + 1)).
-59
What is 7 + (36 - (-14 + 42) - -20)?
35
-32 + (-113 - (35 + -128))
-52
-27 - (-135 + 45 - -2)
61
Evaluate 5 + -22 + 21 + (4 - 5 - 5).
-2
Evaluate (0 - -25) + (-34 - -12).
3
53 - ((93 - 107) + (-4 + -5 - -7))
69
What is the value of -22 + 9 - -60 - 79?
-32
Evaluate 4 + -30 + 28 - (-53 + 6 + -3).
52
Evaluate 30 - ((61 - 28) + -23 - (-2 + 1 - -9)).
28
Calculate (1 + 19 - 24) + 7.
3
Calculate -35 - -2 - (1502 - 1528 - (1 + -19)).
-25
49 + -37 - 8 - -31
35
Calculate (4 - 2 - -24) + (-3463 - -3400).
-37
Evaluate -40 + -8 + 6 - -34.
-8
Calculate -26 - (28 + (-95 - -12)).
29
What is the value of (13 + -12 + 2 - 24) + 64?
43
What is 75 + -14 + 46 + (22 - 34) + -16?
79
Evaluate -68 - 10 - (-3 + -42 + 23).
-56
Calculate (11 + (-1 - -5) + -3 - (36 + 72)) + -3.
-99
What is the value of 2 + 107 + (-2 - 28) + (105 - 89)?
95
What is 65 - (212 - 76) - -85?
14
Evaluate -206 - -216 - (-3 - -64).
-51
Calculate -13 - (-104 - -1 - (39 + (25 - 43) - 23)).
88
What is the value of -3 + (3 - (1 + -4)) + -7 + -22 + 18?
-8
What is 83 + 5 + (-6 - (30 - 17)) + (9 - -2)?
80
Calculate -41 - (6 + 11 - (-4 + -12)).
-74
What is the value of 14 + -78 + 63 - (-41 - -2)?
38
-9 - -1 - (-186 - (-147 - 73))
-42
What is the value of -10 + (-3 - 3) - (16 + 16 + -40)?
-8
(-28 + 21 - -1) + 1 - (-14 + 2 + 0)
7
What is -1 + -34 + (47 - -16)?
28
14 - (55 + -65 + (21 - 0) - -3)
0
What is the value of -45 + 104 + (17 - 12) + -21?
43
What is the value of (13 - 7) + -4 + 2 - (23 - 35)?
16
(3214 - 3295) + 85 + 1
5
What is the value of -5 + -62 + 0 + 133?
66
What is -99 + 56 + 50 + 9?
16
-120 + (131 - 115) + 38
-66
(-1 - (-5 + 1 + -10 + 11 - 8)) + 36
46
Calculate 1 + 25 - (-6 + (203 + -191 - (1 - -8))).
29
What is the value of 16 + 2 + (9 + -31 - -21) - 5?
12
Evaluate (-6 - 6) + (-66 - -44) + 13 + 1.
-20
Evaluate -3 + -125 - (19 + -51 + -6 + 29).
-119
-27 + (14 - (0 - (-10 + 12))) - 15
-26
Evaluate 47 - (-2 + 12 + -6 + (-12 - 1)).
56
-123 + 139 + (6 + -4 - -3)
21
What is (13 - (-31 - -20 - -45) - -41) + -84?
-64
What is the value of 3 - (-20 + -6 + 8 + 20)?
1
Evaluate (2 - 141) + (-2982 - -3035).
-86
Calculate -109 + 77 - (-107 - 3).
78
Evaluate 20 + (19 - (39 + -62)).
62
5 + -21 + 3 + (-20 - -29) - 31
-35
Evaluate 9 + 54 + -11 + (-72 - -55) + -1.
34
-9 - (17 + (-13 - (-1 + -4) - -2) + 9)
-29
-63 + 55 + (5 + 1 + -7 - (2 - -43))
-54
Evaluate (24 - -1 - 24) + -52 + 10.
-41
Calculate 35 + -33 + (-16 - -2) + -2 + (15 - 10).
-9
Calculate (-17 - -18 - 79) + 64.
-14
What is the value of 62 - -1 - (-501 - -555)?
9
What is (13 - 123) + 58 + 2?
-50
7 + -5 - 6 - (0 - (-9 + -15))
-28
(23 - 128) + (-21 - -11 - -25) + -5
-95
-16 - (-75 - (-50 - -10))
19
4 - (-21 + 0 + (5 + 2 - (44 - 50)))
12
(34 - 9) + 7 + (-295 - -235)
-28
3 - -9 - (3 - (5 + 5))
19
Evaluate -1 + 3 + -66 + 1 - (319 + -127 + -201).
-54
-26 - (-45 - -49) - -41
11
What is the value of 15 - ((-106 - 1) + (24 - (5 + 11)))?
114
Evaluate (-73 - (-71 + 1)) + (1 - (-1 + -50)) - 3.
46
Calculate -1 + -36 + 60 + -23 + -63 + (2 - 2).
-63
What is 2 + 2 + (62 + -43 - 46) + 63?
40
What is the value of (28 + 0 - -11) + (183 - 182)?
40
What is -17 + 12 + 10 + 0 + -9 + 27?
23
Calculate 2 + -9 - (-22 + 70 + -40).
-15
What is -6 + (10 - (-14 + 8 + 5)) + -20?
-15
What is -41 + 26 - (-21 + -14)?
20
What is the value of 21 - ((11 - 44 - -12) + 63)?
-21
Evaluate (-10 - 8) + (-24 - (-132 - -71)).
19
Calculate -98 - ((9 - 9) + -173).
75
What is (18 + 5 - -51) + 9 + -42?
41
Calculate -35 + -1 + (-19 + 46 - 15) + 0 + 1.
-23
What is 0 + (14 + -46 + 19 + 10 - -21)?
18
Evaluate 18 + 25 + 54 - -37.
134
What is (-1338 - -1400) + (-2 - (1 + 29))?
30
Evaluate 135 + 19 - (-131 - -237).
48
Calculate (37 - (0 + 0)) + 3311 + -3462.
-114
What is the value of 46 + 7 + 4 + (-19 - (-21 - -19))?
40
What is the value of (-43 - -260) + -214 - (-2 + 3 - -2)?
0
Calculate -5 + 3 - -105 - 7 - (9 + -22 - -22).
87
-24 - (43 + (0 - 57))
-10
Evaluate 15 + (18 - 29) + (3 + 12 - -8).
27
Calculate (11 - (3 - 0)) + (17 - 20) + -4.
1
Evaluate -31 + (-15 + -22 + 40 - (-10 + 29)).
-47
-10 + 1 + (19 + -9 - -63 - -9) + -1
72
Calculate -1 + -14 + (-62 - (-73 + -25)).
21
Evaluate -164 + 120 + 5 + -74 + -6.
-119
What is 13 - (70 + -5 - (-13 + (-26 - -25)))?
-66
(-8 + 1 + 4 - ((-12 - -3) + 11)) + 41
36
What is 292 + -344 + 22 + (-1 - 1)?
-32
Calculate -64 + 29 - ((-6 - (0 - 0)) + 6).
-35
Calculate (-66 + 123 - 12) + -42.
3
28 - ((21 - -44) + -32)
-5
((-24 - -4) + (-4 - -11) - (-30 - -23)) + 25
19
57 + -1 + -6 + 448 + -460
38
What is the value of (-558 - -593 - (0 - -9)) + -2 + -1?
23
-24 + -119 + 134 + 0 + 0 + 23
14
What is the value of 93 - (14 + -41 + 83)?
37
Evaluate -3 - (23 + -10 + (3 - (0 + 6)) + -5).
-8
-736 - -738 - (3 + -5 + -6)
10
Evaluate 1 + 34 + (5 + -17 - (39 - 64)).
48
Calculate -12 - 15 - (-7 + (15 - -9)).
-44
(0 - -21) + -10143 + 10078
-44
Calculate (9 + -19 - 3 - -1) + 55 - 9.
34
-8 + (-29 + (23 - 6) + 3 - -10)
-7
Evaluate 53 + -27 + 32 + 42 + -42.
58
What is -2 + 16 + -28 - (15 - 16)?
-13
Calculate 66 + -1 + (-120 - (0 - 97)).
42
Evaluate 53 + -153 + (-31 - -65).
-66
(4 + -18 - (4 + -6)) + (-1021 - -1145)
112
What is -72 - -82 - (39 + (6 - (0 - -4)))?
-31
What is 0 + 1 + (-292 - -350)?
59
Evaluate (-18 - 8 - -19) + (2 - 42 - 5) + -7.
-59
What is -87 + -16 + (29 - -13 - 31)?
-92
Calculate -165 + -4 + -36 + 71 + 29.
-105
Calculate -1010 - -924 - (0 - 79).
-7
Calculate -78 + 92 + 33 - -5.
52
What is the value of (39 - 43) + (-3 - 